d - 6. Let f be m(11). Let v(i) = -f*i - 4*i + 2*i - i**2. Let z(t) = -t**2 - 30*t - 61. Let l be z(-28). What is v(l)?
10
Let l = 2 - 8. Let g(z) be the second derivative of z**3/6 - 4*z**2 + 15*z. What is g(l)?
-14
Let t be 2 + -9 - (-3 - -2). Let c(l) = -3*l - 12. Let q be c(t). Let z be -6 + -2 + (q - 3). Let m(i) = i**3 + 6*i**2 + 3*i + 2. What is m(z)?
12
Let c = 5 + -4. Let a(j) = -j**2 + 0*j + 4*j**3 + 3*j**2 + 2*j + c. Let z(h) = -h - 5. Let d be z(-4). What is a(d)?
-3
Let c(a) = -a**3 + 9*a**2 + 6. Let s be (-282)/(-12) + (-9)/(-6). Let d = s - 16. Give c(d).
6
Let u(x) be the first derivative of x**4/4 + 7*x**3/3 + x**2/2 - 5*x + 59. What is u(-6)?
25
Suppose -17*u - 16 = -21*u. Let a(l) = u*l + l**2 + 3 + 6*l + 8 + l. What is a(-8)?
-13
Let o(i) be the third derivative of -i**6/360 - 7*i**5/120 + i**4/24 + 7*i**3/2 + 13*i**2. Let d(q) be the first derivative of o(q). Determine d(-8).
-7
Let a(t) = 46*t + 182. Let w be a(-4). Let d(z) = -2*z + 1. What is d(w)?
5
Let g(o) = -3*o - 8. Suppose 0 = 3*n - 5 + 17. What is g(n)?
4
Let n(j) = j**3 + 7*j**2 + 4*j - 17. Let b be (-74)/14 + 84/294. Calculate n(b).
13
Suppose -4*l = -2*n - 14, -3*l + 3*n - 1 + 4 = 0. Let z(r) be the third derivative of r**6/120 - r**5/12 - r**4/4 + 2*r**3/3 + 2*r**2. Give z(l).
4
Let r = 33 + -30. Suppose -19 = -5*s - x, 2*s - r*x = 2*x - 14. Let n(v) = -v**2 + v. Determine n(s).
-6
Let n(i) = -166*i**2 - 3*i + 167*i**2 - 27 + i**3 + 29. Suppose -r + 3 = -c, -2*c = -c + 5*r - 27. Give n(c).
8
Let a(f) = 4*f**2 + 56*f - 122. Let d be a(-16). Let i(l) = 2*l - 10. Calculate i(d).
2
Let f(x) = -x**3 + 11*x**2 - 12*x + 13. Let i be (-5 - (-14 - -5)) + 6. Suppose 3*z = -i*z + 130. Calculate f(z).
-7
Let z(q) = -57*q + 227. Let t be z(4). Let s(l) = -9*l**3 - 2*l**2 - 3*l - 2. What is s(t)?
8
Let g = -14 + 8. Let d be -5 + (0 - 3 - g). Let h be (8/(-2))/(d + 4). Let n(p) = -p**3 - 2. Determine n(h).
6
Let i(r) be the third derivative of -r**5/60 - r**2. Let k(y) = 5*y - 1. Let d be k(1). Let j = d - 2. What is i(j)?
-4
Suppose 3*h + 19 = -4*m, -5*h = -3*m - m + 21. Let u(t) = -10*t**2 - 2*t - 1. What is u(m)?
-9
Let x(n) = -n**3 - 6*n**2 - 7*n - 5. Let q(j) = -7*j - 3. Let t be q(-1). Let a be 11/44 - 70/(-8). Let f be t - (a + -3 + 3). Calculate x(f).
5
Let l(d) = -d**2 + d - 4. Let z be (-1)/(-1)*(8 + -12). Let y be z/(-12) + 219/(-9). Let p = y + 28. Give l(p).
-16
Let p(n) = n**3 - n + 1. Let g(z) = -2*z**3 - 3*z**2 + z - 2. Let a(o) = g(o) + 4*p(o). Determine a(3).
20
Let p be (238/323)/(-7) + 338/(-38). Let o(y) = 0 - 2 - 2 - y. Give o(p).
5
Suppose -378*i + 389*i = 22. Let u(x) = -x**2 + 3*x - 6. What is u(i)?
-4
Let c(w) = w**2 - 14*w + 15. Let j be 13 + (2 - 0) + 26/(-13). Give c(j).
2
Let q(j) = 33*j - 3*j**2 + 2*j**2 + 2*j**2 - 34*j. Let p = 1 - -1. Give q(p).
2
Let s(n) be the second derivative of -7*n**3/6 - 2*n**2 - n. Let o(c) = -c**3 - 23*c**2 + c + 20. Let h be o(-23). Calculate s(h).
17
Let b be (-4)/4*(-1 + -3). Let c(q) be the third derivative of 1/15*q**5 + 1/2*q**3 + 0 + 0*q - 1/12*q**4 + 4*q**2 - 1/120*q**6. Give c(b).
-5
Suppose -2*j - 4*z + 12 = 0, -24 = -4*j - 0*j + 5*z. Let r(k) = -j*k - 34 + 34 - 3*k**2 + 2*k**2. What is r(-6)?
0
Let g(l) = l**2. Let s(i) = 2*i + 7. Let r be s(-2). Let v(t) = t**3 - 2*t**2 + 3*t - 2. Let f(k) = r*g(k) + v(k). What is f(-3)?
-29
Let o(v) = v**2 + 3*v + 4. Let i = 286 - 290. Determine o(i).
8
Let f(i) = i**2 - 3*i - 11. Let w be f(4). Let y(z) be the second derivative of z**3 - z + 0 + 1/12*z**4 - 2*z**2. Determine y(w).
3
Suppose -4*q = -7 - 1. Let o(j) = 3*j. Let k(m) be the second derivative of -7*m**3/6 + 19*m. Let w(l) = -6*k(l) - 13*o(l). Give w(q).
6
Let r(s) = -2*s**2 - 10*s - 14. Let z be r(-4). Let i(j) = -8*j - 3 + 7*j - j**2 - 9*j. Calculate i(z).
21
Let q = -3 - -6. Let l be -1*((2 - 5) + q). Let g(c) = 0*c**2 - c + 9 + 2*c**2 - c**2. Determine g(l).
9
Let j(d) = d**3 + d**2. Let k(s) = s**2 + 3*s - 7. Let q be k(-5). Suppose q*i + 3*m = -1 - 2, -i - 4*m - 4 = 0. Determine j(i).
0
Let b(z) = -3*z - z - 2*z + 3 - 4 + 5 + z**2. Give b(7).
11
Let k(o) = -o**2 - o + 1. Let w(d) = d**3 + 3*d**2 - 7*d + 5. Let a(p) = 2*k(p) - w(p). Let r = 15 + -21. Calculate a(r).
3
Let a(p) be the second derivative of -8*p + 1/6*p**3 + p**2 + 0. Determine a(-5).
-3
Suppose -2*b - 5*k = 3*b - 55, 2*k + 28 = 3*b. Let a = b - 9. Let d(n) = n**3 - 2*n + 1. Let s be d(a). Let p(t) = t**2 - 14. Determine p(s).
-14
Suppose -13*j + 5 = 18. Let y(p) = p**3 + p - 1. Let f(o) = -7*o**2 - 9*o - 1. Let h(q) = j*f(q) - y(q). Give h(8).
2
Let o(r) = r**2 - 6*r + 3. Let j = 87 - 85. Let u be j/((12/15)/(6/5)). Determine o(u).
-6
Let f = 176 + -175. Let v(x) be the second derivative of 7*x**3/3 - x**2/2 - x. Give v(f).
13
Let k(b) = 7*b**2 - 4*b**3 + 4*b**3 + b**3 + 3*b - 67204 + 67196. Let n be 2/8 + 25/(-4). Give k(n).
10
Let w(i) = 6*i - 1. Let u be -2 + (2 + 4)*-1. Let y(h) = 2*h + 18. Let g be y(u). Suppose -5*p - 9 = 2*m, 0*m = 4*p - 3*m - g. What is w(p)?
-7
Suppose -v = 5, -2*s = 3*s + 5*v + 55. Let b = 7 + s. Let w(t) = 15*t**3 + t**2 + b - 10*t**3 + 4*t - 3*t. Give w(-1).
-4
Let a = 194 + -137. Suppose 9 = -11*i - a. Let j(c) = c**3 + 7*c**2 + 6*c. Determine j(i).
0
Let i(x) = -5*x**3 + 3*x**2 - x - 9. Let t(v) = 23*v**3 - 13*v**2 + 4*v + 36. Let h(k) = -9*i(k) - 2*t(k). Determine h(0).
9
Let k(l) be the third derivative of -l**4/24 - l**3/3 + 7*l**2 - 1. Give k(-11).
9
Let y(u) = -u**3 + 24*u**2 - 45*u + 25. Let o be y(22). Let x(t) = -t**3 + t**2 - 2*t + 2. Give x(o).
-22
Let z = -64 - -67. Let s(c) = 22*c**3 + z*c**2 + 22*c**3 - 4*c - 65*c**3 + 22*c**3. Calculate s(-3).
12
Let z(b) = b**3 + b**2 - 3*b + 4. Suppose y - 2*y = 4. Let u = y + 4. Suppose 3*a + 18 = -4*v + 5*a, 5*a - 15 = u. What is z(v)?
-5
Let j(f) = -6*f + 16. Suppose 28*t - 36*t + 24 = 0. Calculate j(t).
-2
Let o(x) = -x**3 + 2*x**2 - 2*x - 2. Let a = 81 + -61. Let n = a - 18. Determine o(n).
-6
Let p(m) be the third derivative of m**6/360 + m**5/20 + 5*m**4/24 - 4*m**3/3 - 23*m**2. Let y(c) be the first derivative of p(c). Determine y(-5).
0
Let h(k) = -5*k + 1. Let p(o) = 3*o - 2. Let c(g) = -2*h(g) - 3*p(g). Let l(w) = 2*w - 7. Let i be l(0). Determine c(i).
-3
Suppose -w + 2*w + 3 = 0, -13 = -n + 3*w. Let t = 13 + -6. Let y(v) = 4*v**3 - 3. Let u(h) = -9*h**3 - h**2 - h + 7. Let c(q) = t*y(q) + 3*u(q). Calculate c(n).
4
Let i(v) = -v + 2 + 0 + v**2 - 3 - 5 + 7. Give i(1).
1
Let r(s) = -31*s - 2 + 0 + 3 + 21*s + 7*s**2 + s**3. Let v be (-6)/(-5)*40/(-6). What is r(v)?
17
Let i(p) = -7*p - 2*p + 6*p. Let n(t) = -t - 14. Let u be n(-12). What is i(u)?
6
Let v(y) = 2*y. Let g be v(5). Let m(w) = -3*w + 37. Let q be m(g). Let u(t) = -2*t + 3. Determine u(q).
-11
Let n(s) = -49*s - 40. Let i(m) = -1045*m - 855. Let a(k) = -8*i(k) + 171*n(k). Calculate a(1).
-19
Let d(x) = x**2 + x - 2. Suppose -1 = -4*m + 111. Let q = m - 11. Let h = -15 + q. What is d(h)?
4
Let f = 15 + -16. Let r(s) = s + 1 + s**2 - 5*s**2 + 7*s**2. Determine r(f).
3
Let n(l) = -11 + l**2 + l + 1 + 11 + 5*l. Suppose -k - 9 = -0. Let w = k + 6. Give n(w).
-8
Suppose -r - 11 = -4*a - 0*a, r - 4 = -a. Let u(q) = -2*q + 5*q + a + 0. Suppose 0 = -4*l - 0 + 16. Calculate u(l).
15
Suppose 4*z + 19 = 4*o - 9, 0 = -4*o - 7*z - 27. Let b(n) = -n + 4. Give b(o).
2
Let a(x) = x**2 - 5*x. Let l(r) = -12*r - 7. Let t be l(-2). Suppose -4*f + 0*o = o - t, 5*o + 5 = -2*f. Determine a(f).
0
Let j(r) be the third derivative of -r**6/120 - 2*r**5/15 + r**4/6 + 5*r**3/3 - 276*r**2. Calculate j(-8).
-22
Let r(j) = 5*j + 3. Let i be r(3). Suppose 0 = -s + 3*m - i, 2*s - 2*m + 18 = 2. Let z(y) be the first derivative of -y**2 - y - 19. Calculate z(s).
5
Let b be -11 + 954/63 - (-6)/7. Let u(j) be the third derivative of -1/30*j**5 - 1/6*j**4 + 0*j + 0 + 1/120*j**6 - b*j**2 + 1/2*j**3. Calculate u(3).
0
Let r = -423 - -425. Let j(d) be the second derivative of 0*d**r + 0 - 1/4*d**4 + 5*d - 2/3*d**3 + 1/20*d**5. Give j(4).
0
Let c(g) = -2*g - 2. Let d = -19 + 29. Let o be d/3*18/15. Suppose 0 = -o*z - w - w + 16, 10 = 5*w. Give c(z).
-8
Let x = 9 + -13. Let a(l) = -5*l. Let p be a(0). Let w(j) = -2 - 5 + p - 2*j + 3. Calculate w(x).
4
Let y(o) = o**3 + 3*o**2 - 4*o - 3. Let b(r) = -3*r - 15. Suppose 36 = -4*